-60) + ((-2)/2 - 8482/(-4)) is divided by 212?
209
Suppose 0 = 5*k + 19 - 59. Calculate the remainder when 526 is divided by k.
6
Let a(k) = 3*k - 5. Let d be a(5). Suppose 0 = 5*s - 2*c - 24, s - 2*c = c + d. Suppose 409 = s*y + 33. What is the remainder when y is divided by 24?
22
Let k(w) = w**2 + 46*w - 98. Let n be k(-43). Let b(p) = 7*p + 1. What is the remainder when n/(-10) - 270/(-900) is divided by b(1)?
7
Suppose 0 = -2057*v + 2046*v + 2761. Calculate the remainder when v is divided by 52.
43
What is the remainder when 365 is divided by 5970/510*17 + -2 + 1?
167
Suppose 3*g - 931 = 950. Let n be ((-1)/1)/(-6) + g/18. Let w = n + -30. Calculate the remainder when 47 is divided by w.
2
Suppose 82*g - 8526 = 15336. Calculate the remainder when g is divided by 147.
144
Let q(z) = 10 - 11 + z - 13. Let g be q(16). Suppose -7 = -x + 4*o, 3*o + 29 = g*x - 2*o. Calculate the remainder when x is divided by 10.
7
Let a = 117 - 113. Suppose -200 = -12*o + a*o. What is the remainder when o is divided by 16?
9
Suppose 1527 - 159 + 1128 = 48*r. What is the remainder when 1740 is divided by r?
24
Let p(s) = 64*s + 747. Calculate the remainder when p(12) is divided by 152.
147
Calculate the remainder when (17210/5163)/(204/99 - 2) is divided by (-1)/2 + (-118)/(-4).
26
Suppose 4*s - 48 = s + i, 36 = 6*i. Calculate the remainder when 626 is divided by s.
14
Let y = 10714 - 10713. Calculate the remainder when 31 is divided by y.
0
Suppose q + q = 240. Calculate the remainder when 164 is divided by 81/45*q/9.
20
Let a(q) = 11*q**3 - 7*q**2 + q + 1. Calculate the remainder when 281 is divided by a(2).
29
Let w(p) = -407 + 211 + 208 - 6*p. Let u be w(5). What is the remainder when 78 is divided by (-3 - u) + (1 - 0)?
14
Let x = 2389 + -1103. Calculate the remainder when x is divided by 43.
39
Suppose -3*o = -2*y - 5*o + 354, 2*y + 4*o = 348. Let g = y - 143. What is the remainder when g is divided by 23?
14
Let w = -1667 + 1916. What is the remainder when 502 is divided by w?
4
Let n = 9027 + -8914. What is the remainder when 128 is divided by n?
15
Calculate the remainder when 371 is divided by 470/30 + 6 - 52/(-39).
3
Let c(b) = -41*b - 68. Suppose -5*y = -2*r + 99, 3*y = -0*y + 5*r - 48. Let o be c(y). Suppose 13*v = -52 + o. Calculate the remainder when v is divided by 16.
9
Let y be 2/5 + 73/5. Let m be (-2 - -1) + 9/(99/(-22)). What is the remainder when 52 is divided by (-10)/y - (m - 150/9)?
14
Suppose 747*n = 1510*n - 748*n - 8025. Calculate the remainder when n is divided by 49.
45
Let a(j) = 24*j + 171. Let c be a(-7). Suppose -4*x = -5*w - 685, -2*w = -c*x - 0*x + 505. Calculate the remainder when x is divided by 8.
5
Let p = -8 + 15. Let y be (0/(-6))/(3 + -5). Suppose y = -2*d + 4*s + 22, d = 5*s + 14. Calculate the remainder when d is divided by p.
2
Let o(r) = -r**3 + 80*r**2 + 85*r + 612. What is the remainder when o(81) is divided by 51?
18
Let l(c) = -c**3 + 10*c**2 - 5*c - 9. Let j be l(9). Suppose 0 = -2*d - 4, -s - 4*d + 3*d = -19. What is the remainder when 1668/27 - (-6)/j is divided by s?
20
Suppose u - 13 = 4*c + 74, -5*c + 5*u = 120. Let y = c - -166. Calculate the remainder when y is divided by 21.
19
Let q(y) = y**2 - 32*y - 6737. What is the remainder when q(-72) is divided by 7?
2
Calculate the remainder when 141 is divided by (6/(-17))/(-3) + ((-228592)/221)/(-14).
67
Suppose -2555 = -136*z + 129*z. Suppose -220 = -375*j + z*j. What is the remainder when 173 is divided by j?
19
Let f(i) = -4*i**2 - 132*i - 494. Calculate the remainder when f(-21) is divided by 106.
90
Let r = -10253 + 10274. What is the remainder when 896 is divided by r?
14
Let t(l) = -3*l**2 + 18*l - 13. Let u be t(5). Suppose 2*d = 0, u*f - 3*d - 105 = 161. Calculate the remainder when f is divided by 27.
25
Suppose -12*r - 1256 + 1508 = 0. Suppose -3*t + 3*o - 70 - 50 = 0, 4*t = 3*o - 158. Let j = 77 + t. What is the remainder when j is divided by r?
18
Calculate the remainder when 6468 is divided by (20/8)/(4/16).
8
Let i(x) = -x**3 + 29*x**2 + 4*x - 54. Let g be i(27). Suppose g = 5*l + 7*l. Calculate the remainder when l is divided by 23.
11
Suppose 9*r = 3*r + 24. Suppose 33 = j - 3*q, -2*q + 13 - 125 = -r*j. Calculate the remainder when 132 is divided by j.
24
Suppose 0 = 5740*o - 5747*o + 4900. Calculate the remainder when o is divided by 96.
28
Suppose -25*g - 2*u - 5381 = -30*g, -g - 5*u = -1087. What is the remainder when g is divided by 1075?
2
Let c = 166 + -158. Suppose -4*t = p - 201, -4*t = -c*p + 3*p + 1125. Calculate the remainder when p is divided by 19.
12
Suppose -2*k + 3336 = 5*l - l, -3*l + 5*k + 2489 = 0. What is the remainder when 81 is divided by (-2)/(-16) + l/56?
6
Let s = 155 + -152. Calculate the remainder when (-1)/((-4)/52 + s - 3) is divided by 7.
6
Let l(y) = -y**3 + 6*y**2 - 6*y + 9. Let m be (-58)/(-12) + (-3)/(-18). Let w(i) = i**3 + 2*i**2 + 3. What is the remainder when l(m) is divided by w(0)?
1
Let x(i) = 4*i**3 - 9*i**2 - 15*i - 29. What is the remainder when x(6) is divided by 48?
37
Let g(c) = -9*c**3 - 4*c**2 + 7*c. What is the remainder when 232 is divided by g(-2)?
22
Let h = 10 - -31. Suppose 9 - 17 = -4*q. Suppose -28 = -q*o - 0*o. Calculate the remainder when h is divided by o.
13
Suppose 5*y - 14 = -2*h, 4*h + 4*y + 3 = 19. Suppose -h*l + 20 = 2*v - 2, -5*v + 25 = 3*l. What is the remainder when 60 is divided by l?
0
Suppose -93*z - 11*z - 2*z + 22472 = 0. What is the remainder when 857 is divided by z?
9
Calculate the remainder when 4/(-12)*(-2156 + -16) is divided by 63.
31
Suppose 6*y - 44 = -26. Suppose 3*z + 429 = 2*h, -y*z = -5*h - 7*z + 1084. What is the remainder when h is divided by 20?
16
What is the remainder when 377 is divided by (-80 + 3)*(-2)/4*(2 + 0)?
69
Suppose -2*o = 442 - 120. Let s = o + 295. What is the remainder when s is divided by 9?
8
Let i(h) = 2*h**2 + 55*h + 35. What is the remainder when i(12) is divided by 23?
17
Suppose -562*j + 546*j + 768 = 0. What is the remainder when 261 is divided by j?
21
Let g(s) = 38*s**2 + 20*s + 10. Let z be g(-8). Suppose -z = -3*v + 781. Calculate the remainder when v is divided by 16.
13
Suppose 4*p + 2*p - 1626 = 0. Let b = 303 - p. What is the remainder when b is divided by 18?
14
Let h(b) = 119*b**3 - 10*b**2 - 42*b + 190. What is the remainder when h(4) is divided by 136?
134
Suppose 2*n + 39 = 6*n - q, 5*n + 4*q - 33 = 0. Suppose -2*o + 43 = -n. Calculate the remainder when (-2 - 0) + 3 + -485 + 582 is divided by o.
20
What is the remainder when 63135/72 + 4/32 is divided by 177?
169
Let p = 18296 + -17561. What is the remainder when 743 is divided by p?
8
Suppose 595 = -401*d + 400*d. Calculate the remainder when 2*3/(-18)*(-2 + d) is divided by 95.
9
Suppose -17*l = -804 - 556. What is the remainder when 145 is divided by l?
65
Let m(i) = -3*i**3 + 58*i**2 + 102*i + 74. What is the remainder when 712 is divided by m(21)?
8
Let o = -12 - -26. Suppose o*r = 12*r + 24. Let y = -411 + 442. Calculate the remainder when y is divided by r.
7
Suppose -4*s = 2*l - 30, 6 = 3*l - 9. Suppose 132 = 6*m - s*m. Calculate the remainder when m is divided by 44/2 - (-17 + 20).
18
Let u = -6 + 10. Let m(c) = -c**2 - 109*c + 1865. Let v be m(15). Suppose -v + 2 = 3*k, 0 = 2*f + u*k - 14. Calculate the remainder when 43 is divided by f.
7
Let v be 2 + 59 - (-6 - -2). Let h = v - 33. What is the remainder when 53 is divided by h?
21
Let x = 0 + 10. Suppose 676*t = 678*t - 10. Suppose 3*y = -t*y + 312. What is the remainder when y is divided by x?
9
Let p = 2840 - 2738. What is the remainder when 290 is divided by p?
86
Let z(w) = -2*w**3 + 23*w**2 + 12*w - 3. Let l be z(12). Let s = -5 - l. Calculate the remainder when 7 is divided by (s/7)/(19/(-133)).
1
Suppose b - 4 + 1 = 0. Suppose q = b*d - d + 711, 12 = -4*q. What is the remainder when 56 is divided by ((-10)/12)/(-5) + d/(-18)?
16
Let h(a) = 2*a**2 + 2*a. Suppose 5*l = 9*l, -v = 2*l - 25. Suppose -12*d + v = -7*d. Calculate the remainder when h(2) is divided by d.
2
Let n = 264 - 181. Suppose n*u - 630 = 69*u. Calculate the remainder when 177 is divided by u.
42
Suppose -140 = -3*p - l - 6, p = -5*l + 82. What is the remainder when p is divided by 0 - -11 - (-1 - -1)?
9
What is the remainder wh